 = 2*n - 9. Let z be f(12). What is the highest common factor of a and z?
15
Let c = -10 + 8. Let k = -2 - c. Let v be k/1 - 72/(-9). Calculate the highest common factor of v and 8.
8
Suppose 3*c + 105 = -2*i - 20, 0 = -2*c + 10. Let g be 7/i*2 + 111/5. What is the greatest common divisor of 11 and g?
11
Let i = 58 + -9. Let p = -24 + i. Suppose -40 = -0*x - 4*x - 3*k, 0 = -3*x - 4*k + 30. What is the greatest common factor of x and p?
5
Let d(n) = -n**2 + 7*n - 6. Let z be d(6). Suppose -t - 3*r + 17 = z, 0*r = r - 2. What is the greatest common divisor of t and 44?
11
Suppose 0 = 3*v - 12, d - v - 594 = -0*v. What is the greatest common divisor of d and 26?
26
Let f(s) = 79*s**2 - 23*s + 2. Let j be f(-2). What is the greatest common factor of j and 112?
28
Suppose 5*r + 205 = 660. Let y be (-58)/(-4) + 36/(-24). What is the highest common factor of y and r?
13
Suppose 0 = 16*a + 188 - 940. What is the highest common divisor of a and 235?
47
Let k be 1 + 2/3 + (-1295)/(-15). Calculate the greatest common factor of 48 and k.
8
Let j(n) = -19*n + 5. Let o be j(-4). Suppose 11 = a + 2. Calculate the highest common divisor of o and a.
9
Let o = 141 + -90. Suppose 7*h - 230 - 8 = 0. What is the highest common divisor of h and o?
17
Suppose 0 = -2*x - 17 + 63. Suppose 0*r + x = r. Let d = 277 + -185. Calculate the highest common factor of d and r.
23
Let q(o) = 2*o**2 - o + 3. Let b be q(-7). Let p be 12/(-54) - (-464)/(-18). Let g = 38 + p. What is the highest common divisor of g and b?
12
Let t(z) = 10*z**2 - 7*z**2 + 23*z**2 + 9*z**2 - 6*z + 8. Let u be t(2). What is the greatest common divisor of u and 34?
34
Let y be (-4)/14 + (-34)/(-119). Let b be 1*(y + 7 + -3). What is the greatest common factor of b and 12?
4
Suppose -15*c = 15*c - 3900. What is the highest common factor of c and 26?
26
Let q = -2 - -4. Let x = -12 - -23. Suppose 5*m - 9 = 5*l + x, 4*l = -3*m + 12. Calculate the highest common divisor of q and m.
2
Let l = 2 + 0. Suppose -l*m = -16 + 4. Let f be (75/(-2))/(m/(-16)). Calculate the highest common divisor of 40 and f.
20
Let u(d) = d**2 - 13*d - 8. Let m = 8 + 8. Let a be u(m). Let o(q) = 9*q**3 - q. Let g be o(1). What is the greatest common factor of g and a?
8
Let t(k) = 454*k**2 - 16*k. Let v be t(-1). Calculate the highest common factor of 10 and v.
10
Let i be -6*1/(2/(-11)). Suppose u = 2*n + 6*u - 355, 5*n - 820 = u. Calculate the highest common divisor of n and i.
33
Suppose -3*c + 69 = -0*c. Let m be -9*(664/(-96) - (-6)/(-8)). What is the greatest common divisor of m and c?
23
Suppose 0*a - 3*a = 75. Let y be a/2*(-20)/5. Suppose q = 3*w - 5, -w + 2 + 3 = 0. What is the greatest common factor of y and q?
10
Let z be 9207/77 + (-2 - (-34)/14). Suppose 60 = 3*h - h - 3*d, z = 3*h + 3*d. Calculate the highest common factor of 36 and h.
36
Let y be (7 - 6)/(2/30). What is the highest common factor of 165 and y?
15
Suppose -3*z + 5*i + 4 - 13 = 0, -3 = -i. Suppose 0 = 5*k + z - 12. Let v be ((-24)/(-30))/(k/20). What is the highest common factor of 8 and v?
8
Let d(r) = r**2 - 12*r + 26. Let c be d(12). Calculate the greatest common divisor of 182 and c.
26
Let n be 12/8*(-8)/(-3). Suppose -3*f = n*h - 96, 3*f + h - 114 = 3*h. Calculate the greatest common factor of 24 and f.
12
Let p = 264 + -89. Suppose -10*z = -5*z - 450. Suppose -z = -3*i - 0*x + 5*x, -3*i - 5*x = -60. What is the highest common divisor of i and p?
25
Suppose -j + 0*j = -26. Let x be 6/9 + 86/6. Let f = j - x. Calculate the greatest common divisor of f and 77.
11
Suppose -132 + 0 = -4*s. Calculate the highest common factor of 22 and s.
11
Let b = 83 - 57. Suppose 46 + b = 4*f. Calculate the greatest common divisor of f and 162.
18
Let h(o) = -o**3 - 6*o**2 + 6*o - 3. Let i be h(-7). Suppose 2*d - 10 = w, 0 = -9*d + 4*d - i*w - 1. What is the greatest common divisor of d and 21?
3
Suppose 0 = -4*y + 2*y. Let v be (y - 1 - -18)*2/2. Let o(x) = x**2 + 3*x - 1. Let n be o(3). What is the highest common factor of v and n?
17
Let h(y) = 11*y + 9. Let b be h(1). What is the greatest common factor of 140 and b?
20
Let h be (-2)/(-6) + (-22)/(-6). Let k = h + 2. Suppose 16 = 2*t + 12. What is the greatest common factor of k and t?
2
Let n = 280 - 262. Calculate the highest common factor of n and 225.
9
Suppose -2*d = -7*d + 35. What is the greatest common divisor of d and 1?
1
Let a be 2/(-8) - 90/(-8). Suppose 0*k - 2*k = 80. Let x = k + 139. What is the greatest common divisor of a and x?
11
Let p = 366 + -266. What is the greatest common divisor of 90 and p?
10
Let l be 1*-6*10/15. Let b be (l/6)/(12/(-306)). What is the highest common divisor of 85 and b?
17
Let f be ((-16)/(-4) - -15)*-1*(0 - 1). Suppose -3*o + 4 = -8. Let z(x) = 7*x**2 - 3*x - 5. Let j be z(o). Calculate the highest common factor of f and j.
19
Let c be 147*(-13)/(-33) + (-7)/(-77). Calculate the greatest common divisor of c and 928.
58
Let y = 592 - 412. What is the greatest common divisor of y and 9?
9
Let b(s) = 6 - 4*s + 0*s**2 + 0*s**2 + s**2 + 0. Let y be b(6). Suppose 0 = -2*r - 2 + y. Calculate the highest common divisor of 88 and r.
8
Let o = -123 - -165. Calculate the greatest common divisor of o and 1918.
14
Let y be -13 + 54 + 9 + 0. What is the greatest common factor of y and 10?
10
Suppose 5*p + 3*n - 33 = 10, 2*n = -5*p + 42. Let d = -1 - -29. Let t = d + -20. Calculate the greatest common factor of p and t.
8
Let t = -18 - -41. Suppose -3*h + 49 = -x - x, 3*h - 3*x - 48 = 0. Let n = t - h. Calculate the greatest common divisor of n and 42.
6
Let k = 86 - 58. Let d(u) = -u**3 + 6*u**2 - 4*u. Let b be d(4). Suppose 3*n - b = -n. What is the greatest common factor of k and n?
4
Let n(v) = -v**2 - 15*v - 16. Let t be n(-12). Let y = -12 + t. What is the highest common divisor of 72 and y?
8
Let y be (-3 - 90)*11/(-3). Suppose -4*b + 51 = -2*m + 3*m, -b = -5. What is the greatest common divisor of m and y?
31
Suppose k = 3*k - x + 8, 2*k + 3*x + 24 = 0. Let l = 3 + k. Let c be l*4/(-12) - -15. Calculate the highest common divisor of 24 and c.
8
Let j(a) = 5*a**3 - 23*a**2 + 52*a. Let l be j(3). What is the highest common factor of 264 and l?
12
Let o(l) = l**3 + 5*l**2 + 2. Let z be o(-5). Suppose z*j + 295 - 75 = 0. Let g be j/(-1)*3/6. Calculate the greatest common divisor of g and 11.
11
Let a(w) be the third derivative of w**6/120 - w**5/12 + w**4/4 - 13*w**3/6 - 43*w**2. Let i be a(6). Calculate the greatest common divisor of 177 and i.
59
Let q be ((-120)/32)/((-3)/4). Let s = 1 + -2. Let d be (33/9)/(s/(-15)). What is the greatest common divisor of q and d?
5
Suppose 6*o = 26*o - 3080. Let x(n) = -13*n - 4. Let a be x(-2). Calculate the greatest common factor of o and a.
22
Suppose -30*c = -38*c + 2088. What is the greatest common factor of c and 58?
29
Let u be (32/2)/(-4)*-6. Suppose -3*y = 4*k - 44, 0*k - 2*k = 5*y - 64. Calculate the highest common divisor of u and y.
12
Suppose 4*g - 2*f - 10 = 0, 3*g + 3*f - 5 = 5*g. Suppose g*w - 179 = 11. Calculate the highest common factor of w and 418.
38
Let g(q) = 9*q**3 + 4*q**2 + 3*q - 2. Let f be g(1). Calculate the greatest common divisor of f and 42.
14
Let q = -53 - -46. Let z = q + 21. Calculate the greatest common factor of z and 70.
14
Let k = -183 - -108. Let w = 21 - k. What is the greatest common factor of w and 12?
12
Let o(p) = 2*p + 1. Let h be o(5). Suppose 6 = -5*r - 4*d, 4*d = -3*r + 1 - h. What is the greatest common factor of r and 5?
1
Suppose -4*y - 328 = -5*m - 1227, -m - 1108 = -5*y. Suppose 0 = 3*v - y - 679. Let d be -6*(-4)/(32/v). What is the highest common factor of 25 and d?
25
Let s be 7/(42/(-4))*-1701. What is the highest common factor of s and 252?
126
Let k be (4 - -6 - -1044) + -1. Calculate the greatest common factor of k and 39.
39
Let t(s) = s**3 + 32*s**2 - 31*s + 110. Let k be t(-33). Calculate the highest common factor of k and 1276.
44
Suppose 0 = -2*d + 3*d + 5*v + 12, 3*v + 82 = -5*d. Let i = d + 59. Let q(j) = 2*j - 2. Let b be q(4). Calculate the highest common divisor of b and i.
6
Let p = -68 - -101. What is the greatest common divisor of 297 and p?
33
Suppose 4*z + 27 = 5*p + 6*z, z = 4*p - 19. Suppose 7*w - 322 = p*w. Calculate the highest common divisor of w and 23